{"id":345,"date":"2018-09-16T19:24:39","date_gmt":"2018-09-16T19:24:39","guid":{"rendered":"https:\/\/vezelay.eu\/d\/?page_id=345"},"modified":"2022-06-19T08:21:23","modified_gmt":"2022-06-19T08:21:23","slug":"fischerhaus","status":"publish","type":"page","link":"https:\/\/vezelay.eu\/d\/fischerhaus\/","title":{"rendered":"Fischerhaus"},"content":{"rendered":"<div id=\"pl-345\"  class=\"panel-layout\" ><div id=\"pg-345-0\"  class=\"panel-grid panel-has-style\" ><div class=\"siteorigin-panels-stretch panel-row-style panel-row-style-for-345-0\" data-stretch-type=\"full-stretched\" ><div id=\"pgc-345-0-0\"  class=\"panel-grid-cell panel-grid-cell-empty\" ><\/div><div id=\"pgc-345-0-1\"  class=\"panel-grid-cell\" ><div id=\"panel-345-0-1-0\" class=\"so-panel widget widget_sow-editor panel-first-child panel-last-child\" data-index=\"0\" ><div\n\t\t\t\n\t\t\tclass=\"so-widget-sow-editor so-widget-sow-editor-base\"\n\t\t\t\n\t\t><h3 class=\"widget-title\">.<\/h3>\n<div class=\"siteorigin-widget-tinymce textwidget\">\n\t<p style=\"text-align: center;\"><img loading=\"lazy\" decoding=\"async\" class=\"alignnone size-full wp-image-941\" src=\"https:\/\/vezelay.eu\/d\/wp-content\/uploads\/2018\/09\/SDC10421-1.jpg\" alt=\"\" width=\"1280\" height=\"920\" srcset=\"https:\/\/vezelay.eu\/d\/wp-content\/uploads\/2018\/09\/SDC10421-1.jpg 1280w, https:\/\/vezelay.eu\/d\/wp-content\/uploads\/2018\/09\/SDC10421-1-600x431.jpg 600w, https:\/\/vezelay.eu\/d\/wp-content\/uploads\/2018\/09\/SDC10421-1-768x552.jpg 768w, https:\/\/vezelay.eu\/d\/wp-content\/uploads\/2018\/09\/SDC10421-1-134x96.jpg 134w\" sizes=\"auto, (max-width: 767px) 89vw, (max-width: 1000px) 54vw, (max-width: 1071px) 543px, 580px\" \/><span style=\"font-family: libre-baskerville; font-size: 13pt;\">Der sonnige Garten ist 16 Meter tief und f\u00fchrt zum Fluss. Man hat eine prachtvolle Aussicht auf die H\u00fcgel, W\u00e4lder und Wiesen. Gartenm\u00f6bel und Grill sind vorhanden. F\u00fcr die Mieter liegen auch zwei Kanus bereit.<\/span><img loading=\"lazy\" decoding=\"async\" class=\"alignnone wp-image-2963 size-full\" src=\"http:\/\/vezelay.eu\/d\/wp-content\/uploads\/2018\/12\/keuken28.jpg\" alt=\"\" width=\"1280\" height=\"820\" srcset=\"https:\/\/vezelay.eu\/d\/wp-content\/uploads\/2018\/12\/keuken28.jpg 1280w, https:\/\/vezelay.eu\/d\/wp-content\/uploads\/2018\/12\/keuken28-600x384.jpg 600w, https:\/\/vezelay.eu\/d\/wp-content\/uploads\/2018\/12\/keuken28-768x492.jpg 768w, https:\/\/vezelay.eu\/d\/wp-content\/uploads\/2018\/12\/keuken28-700x448.jpg 700w\" sizes=\"auto, (max-width: 767px) 89vw, (max-width: 1000px) 54vw, (max-width: 1071px) 543px, 580px\" \/><span style=\"color: #333333; font-family: libre-baskerville; font-size: 13pt;\">In der ger\u00e4umigen E\u00dfk\u00fcche kann man gut verweilen. Die K\u00fcche ist ausgestattet mit einem Geschirrsp\u00fcler, Ofen usw. Man kann hier <span style=\"color: #000000;\">auch <\/span>im Internet surfen. Im Sommer gehen Sie mit Ihrem Tablett mit dem Essen durch den Keller oder \u00fcber die Treppe im Hinterzimmer in den Garten am Fluss.<\/span><img loading=\"lazy\" decoding=\"async\" class=\"alignnone wp-image-2962 size-full\" src=\"http:\/\/vezelay.eu\/d\/wp-content\/uploads\/2018\/12\/huiskamer28.jpg\" alt=\"\" width=\"1280\" height=\"820\" srcset=\"https:\/\/vezelay.eu\/d\/wp-content\/uploads\/2018\/12\/huiskamer28.jpg 1280w, https:\/\/vezelay.eu\/d\/wp-content\/uploads\/2018\/12\/huiskamer28-600x384.jpg 600w, https:\/\/vezelay.eu\/d\/wp-content\/uploads\/2018\/12\/huiskamer28-768x492.jpg 768w, https:\/\/vezelay.eu\/d\/wp-content\/uploads\/2018\/12\/huiskamer28-700x448.jpg 700w\" sizes=\"auto, (max-width: 767px) 89vw, (max-width: 1000px) 54vw, (max-width: 1071px) 543px, 580px\" \/><span style=\"font-family: libre-baskerville; font-size: 13pt;\"><span style=\"color: #333333;\"><span lang=\"de-DE\">Die sogenannte \u2018Giga-Jukebox\u2019 im Wohnzimmer enth\u00e4lt Tausende von Stunden Musik, und es gibt auch B\u00fccher - alle in verschiedenen Genres. Im alten Gew\u00f6lbekeller darunter<\/span><\/span> sehen Sie noch die gro\u00dfen Bassins, in denen fr\u00fcher die im Fluss gefangenen Fische noch eine Weile herumschwimmen durften <span style=\"color: #333333;\">- daher das 'Fischerhaus'.<\/span><\/span><\/p>\n<\/div>\n<\/div><\/div><\/div><div id=\"pgc-345-0-2\"  class=\"panel-grid-cell panel-grid-cell-mobile-last\" ><div id=\"panel-345-0-2-0\" class=\"so-panel widget widget_sow-editor panel-first-child panel-last-child\" data-index=\"1\" ><div\n\t\t\t\n\t\t\tclass=\"so-widget-sow-editor so-widget-sow-editor-base\"\n\t\t\t\n\t\t><h3 class=\"widget-title\">.<\/h3>\n<div class=\"siteorigin-widget-tinymce textwidget\">\n\t<p style=\"text-align: center;\"><img loading=\"lazy\" decoding=\"async\" src=\"https:\/\/vezelay.eu\/d\/wp-content\/uploads\/2018\/09\/SDC10360-1.jpg\" alt=\"\" width=\"1280\" height=\"920\" \/><span style=\"font-family: libre-baskerville; font-size: 13pt;\"><span lang=\"de-DE\">Das Fischerhaus hat einen gro\u00dfen Hof, auf dem Sie Ihr Auto parken k\u00f6nnen. Unter <\/span><span lang=\"de-DE\">einer \u00dcberdachung <\/span><span lang=\"de-DE\">befindet steht ein Picknicktisch, und es gibt eine Schaukel. F\u00fcr die G\u00e4ste<\/span><span lang=\"de-DE\"> stehen zwei Mountainbikes zur Verf\u00fcgung, mit denen man durch die W\u00e4lder und Wiesen fahren kann. <\/span><\/span><img loading=\"lazy\" decoding=\"async\" class=\"alignnone wp-image-2964 size-full\" src=\"http:\/\/vezelay.eu\/d\/wp-content\/uploads\/2018\/12\/keuken28a.jpg\" alt=\"\" width=\"1280\" height=\"820\" srcset=\"https:\/\/vezelay.eu\/d\/wp-content\/uploads\/2018\/12\/keuken28a.jpg 1280w, https:\/\/vezelay.eu\/d\/wp-content\/uploads\/2018\/12\/keuken28a-600x384.jpg 600w, https:\/\/vezelay.eu\/d\/wp-content\/uploads\/2018\/12\/keuken28a-768x492.jpg 768w, https:\/\/vezelay.eu\/d\/wp-content\/uploads\/2018\/12\/keuken28a-700x448.jpg 700w\" sizes=\"auto, (max-width: 767px) 89vw, (max-width: 1000px) 54vw, (max-width: 1071px) 543px, 580px\" \/><span style=\"color: #333333; font-family: libre-baskerville; font-size: 13pt;\">Au\u00dferhalb der Saison werd das Haus mit elektrischen Heizungen oder mit gem\u00fctlichen Holz\u00f6fen geheizt - genie\u00dfen Sie den Flammentanz hinter den Fenstern. F\u00fcr die Lebensmittel k\u00f6nnen sie um die Ecke gehen. Da<span lang=\"de-DE\"> sind ein B\u00e4cker, ein Fleischer und ein kleiner Supermarkt. <\/span><\/span><img loading=\"lazy\" decoding=\"async\" class=\"alignnone wp-image-2965 size-full\" src=\"http:\/\/vezelay.eu\/d\/wp-content\/uploads\/2018\/12\/P5080849.jpg\" alt=\"\" width=\"1280\" height=\"820\" srcset=\"https:\/\/vezelay.eu\/d\/wp-content\/uploads\/2018\/12\/P5080849.jpg 1280w, https:\/\/vezelay.eu\/d\/wp-content\/uploads\/2018\/12\/P5080849-600x384.jpg 600w, https:\/\/vezelay.eu\/d\/wp-content\/uploads\/2018\/12\/P5080849-768x492.jpg 768w, https:\/\/vezelay.eu\/d\/wp-content\/uploads\/2018\/12\/P5080849-700x448.jpg 700w\" sizes=\"auto, (max-width: 767px) 89vw, (max-width: 1000px) 54vw, (max-width: 1071px) 543px, 580px\" \/><span style=\"font-family: libre-baskerville; font-size: 13pt;\"><span style=\"color: #333333;\"><span lang=\"de-DE\">Das Haus strahlt eine authentische Atmosph\u00e4re aus: alte Fliesenb\u00f6den, wuchtige Balkendecken und h\u00fcbsche Details, wie Einbauschr\u00e4nke und ein alter Kamin. <\/span><\/span><span style=\"color: #333333;\"><span lang=\"de-DE\">Es gibt <\/span><\/span><span lang=\"de-DE\"> vier Schlafzimmer <\/span><span style=\"color: #333333;\"><span lang=\"de-DE\">und es gibt Platz f\u00fcr sieben Personen. Aber auch f\u00fcr zwei konnen Sie hier angenehm bleiben.<\/span><\/span><\/span><\/p>\n<\/div>\n<\/div><\/div><\/div><div id=\"pgc-345-0-3\"  class=\"panel-grid-cell panel-grid-cell-empty\" ><\/div><\/div><\/div><div id=\"pg-345-1\"  class=\"panel-grid panel-has-style\" ><div class=\"siteorigin-panels-stretch panel-row-style panel-row-style-for-345-1\" data-stretch-type=\"full-stretched\" ><div id=\"pgc-345-1-0\"  class=\"panel-grid-cell panel-grid-cell-empty\" ><\/div><div id=\"pgc-345-1-1\"  class=\"panel-grid-cell\" ><div id=\"panel-345-1-1-0\" class=\"widget_text so-panel widget widget_custom_html panel-first-child panel-last-child\" data-index=\"2\" ><h3 class=\"widget-title\">Schauen Sie sich selbst um 360\u00b0<\/h3><div class=\"textwidget custom-html-widget\"><div class=\"momentopress-container\"><iframe class=\"momentopress-embed\" src=\"https:\/\/momento360.com\/e\/uc\/d966ff8f789646809c86fcf424c2ba4d?utm_campaign=embed&utm_source=other&utm_medium=other\" allowfullscreen=\"allowfullscreen\"><\/iframe><\/div><\/div><\/div><\/div><div id=\"pgc-345-1-2\"  class=\"panel-grid-cell panel-grid-cell-mobile-last\" ><div id=\"panel-345-1-2-0\" class=\"so-panel widget widget_media_image panel-first-child panel-last-child\" data-index=\"3\" ><h3 class=\"widget-title\">Plan \u21b4<\/h3><a href=\"https:\/\/floorplanner.com\/whp81s#details\" target=\"_blank\"><img loading=\"lazy\" decoding=\"async\" width=\"1280\" height=\"720\" src=\"https:\/\/vezelay.eu\/d\/wp-content\/uploads\/2018\/10\/aaaaaa-1.jpg\" class=\"image wp-image-2448  attachment-full size-full\" alt=\"\" style=\"max-width: 100%; height: auto;\" srcset=\"https:\/\/vezelay.eu\/d\/wp-content\/uploads\/2018\/10\/aaaaaa-1.jpg 1280w, https:\/\/vezelay.eu\/d\/wp-content\/uploads\/2018\/10\/aaaaaa-1-600x338.jpg 600w, https:\/\/vezelay.eu\/d\/wp-content\/uploads\/2018\/10\/aaaaaa-1-768x432.jpg 768w, https:\/\/vezelay.eu\/d\/wp-content\/uploads\/2018\/10\/aaaaaa-1-700x394.jpg 700w\" sizes=\"auto, 100vw\" \/><\/a><\/div><\/div><div id=\"pgc-345-1-3\"  class=\"panel-grid-cell panel-grid-cell-empty\" ><\/div><\/div><\/div><div id=\"pg-345-2\"  class=\"panel-grid panel-has-style\" ><div class=\"siteorigin-panels-stretch panel-row-style panel-row-style-for-345-2\" data-stretch-type=\"full-stretched\" ><div id=\"pgc-345-2-0\"  class=\"panel-grid-cell panel-grid-cell-empty\" ><\/div><div id=\"pgc-345-2-1\"  class=\"panel-grid-cell\" ><div id=\"panel-345-2-1-0\" class=\"so-panel widget widget_sow-editor panel-first-child panel-last-child\" data-index=\"4\" ><div\n\t\t\t\n\t\t\tclass=\"so-widget-sow-editor so-widget-sow-editor-base\"\n\t\t\t\n\t\t><h3 class=\"widget-title\">Wie kann man 360\u00b0 sehen?<\/h3>\n<div class=\"siteorigin-widget-tinymce textwidget\">\n\t<div class=\"siteorigin-widget-tinymce textwidget\">\n<div class=\"siteorigin-widget-tinymce textwidget\">\n<p lang=\"de-DE\"><span style=\"font-family: libre-baskerville; font-size: 13pt;\">&gt;Bewegen Sie mit die linke Maustaste nach unten nach links und rechts. \u00a0 \u00a0 &gt; Scrollen Sie mit dem Mausrad nach vorne und hinten. \u00a0 \u00a0 &gt;Tablette oder Handy: Streichen mit dem Finger<\/span><\/p>\n<\/div>\n<\/div>\n<\/div>\n<\/div><\/div><\/div><\/div><\/div><div id=\"pg-345-3\"  class=\"panel-grid panel-no-style\" ><div id=\"pgc-345-3-0\"  class=\"panel-grid-cell panel-grid-cell-mobile-last\" ><div id=\"panel-345-3-0-0\" class=\"so-panel widget widget_media_image panel-first-child panel-last-child\" data-index=\"5\" ><img loading=\"lazy\" decoding=\"async\" width=\"600\" height=\"85\" src=\"https:\/\/vezelay.eu\/d\/wp-content\/uploads\/2018\/10\/grijs-600x85.jpg\" class=\"image wp-image-2274  attachment-medium size-medium\" alt=\"\" style=\"max-width: 100%; height: auto;\" srcset=\"https:\/\/vezelay.eu\/d\/wp-content\/uploads\/2018\/10\/grijs-600x85.jpg 600w, https:\/\/vezelay.eu\/d\/wp-content\/uploads\/2018\/10\/grijs-768x109.jpg 768w, https:\/\/vezelay.eu\/d\/wp-content\/uploads\/2018\/10\/grijs-700x100.jpg 700w, https:\/\/vezelay.eu\/d\/wp-content\/uploads\/2018\/10\/grijs.jpg 1188w\" sizes=\"auto, 100vw\" \/><\/div><\/div><div id=\"pgc-345-3-1\"  class=\"panel-grid-cell panel-grid-cell-empty\" ><\/div><\/div><div id=\"pg-345-4\"  class=\"panel-grid panel-no-style\" ><div id=\"pgc-345-4-0\"  class=\"panel-grid-cell panel-grid-cell-mobile-last\" ><div id=\"panel-345-4-0-0\" class=\"so-panel widget widget_media_image panel-first-child panel-last-child\" data-index=\"6\" ><img loading=\"lazy\" decoding=\"async\" width=\"600\" height=\"85\" src=\"https:\/\/vezelay.eu\/d\/wp-content\/uploads\/2018\/10\/grijs-600x85.jpg\" class=\"image wp-image-2274  attachment-medium size-medium\" alt=\"\" style=\"max-width: 100%; height: auto;\" srcset=\"https:\/\/vezelay.eu\/d\/wp-content\/uploads\/2018\/10\/grijs-600x85.jpg 600w, https:\/\/vezelay.eu\/d\/wp-content\/uploads\/2018\/10\/grijs-768x109.jpg 768w, https:\/\/vezelay.eu\/d\/wp-content\/uploads\/2018\/10\/grijs-700x100.jpg 700w, https:\/\/vezelay.eu\/d\/wp-content\/uploads\/2018\/10\/grijs.jpg 1188w\" sizes=\"auto, 100vw\" \/><\/div><\/div><div id=\"pgc-345-4-1\"  class=\"panel-grid-cell panel-grid-cell-empty\" ><\/div><\/div><div id=\"pg-345-5\"  class=\"panel-grid panel-no-style\" ><div id=\"pgc-345-5-0\"  class=\"panel-grid-cell panel-grid-cell-mobile-last\" ><div id=\"panel-345-5-0-0\" class=\"so-panel widget widget_media_image panel-first-child panel-last-child\" data-index=\"7\" ><img loading=\"lazy\" decoding=\"async\" width=\"600\" height=\"85\" src=\"https:\/\/vezelay.eu\/d\/wp-content\/uploads\/2018\/10\/grijs-600x85.jpg\" class=\"image wp-image-2274  attachment-medium size-medium\" alt=\"\" style=\"max-width: 100%; height: auto;\" srcset=\"https:\/\/vezelay.eu\/d\/wp-content\/uploads\/2018\/10\/grijs-600x85.jpg 600w, https:\/\/vezelay.eu\/d\/wp-content\/uploads\/2018\/10\/grijs-768x109.jpg 768w, https:\/\/vezelay.eu\/d\/wp-content\/uploads\/2018\/10\/grijs-700x100.jpg 700w, https:\/\/vezelay.eu\/d\/wp-content\/uploads\/2018\/10\/grijs.jpg 1188w\" sizes=\"auto, 100vw\" \/><\/div><\/div><div id=\"pgc-345-5-1\"  class=\"panel-grid-cell panel-grid-cell-empty\" ><\/div><\/div><div id=\"pg-345-6\"  class=\"panel-grid panel-no-style\" ><div id=\"pgc-345-6-0\"  class=\"panel-grid-cell panel-grid-cell-mobile-last\" ><div id=\"panel-345-6-0-0\" class=\"so-panel widget widget_media_image panel-first-child panel-last-child\" data-index=\"8\" ><img loading=\"lazy\" decoding=\"async\" width=\"600\" height=\"85\" src=\"https:\/\/vezelay.eu\/d\/wp-content\/uploads\/2018\/10\/grijs-600x85.jpg\" class=\"image wp-image-2274  attachment-medium size-medium\" alt=\"\" style=\"max-width: 100%; height: auto;\" srcset=\"https:\/\/vezelay.eu\/d\/wp-content\/uploads\/2018\/10\/grijs-600x85.jpg 600w, https:\/\/vezelay.eu\/d\/wp-content\/uploads\/2018\/10\/grijs-768x109.jpg 768w, https:\/\/vezelay.eu\/d\/wp-content\/uploads\/2018\/10\/grijs-700x100.jpg 700w, https:\/\/vezelay.eu\/d\/wp-content\/uploads\/2018\/10\/grijs.jpg 1188w\" sizes=\"auto, 100vw\" \/><\/div><\/div><div id=\"pgc-345-6-1\"  class=\"panel-grid-cell panel-grid-cell-empty\" ><\/div><\/div><div id=\"pg-345-7\"  class=\"panel-grid panel-no-style\" ><div id=\"pgc-345-7-0\"  class=\"panel-grid-cell panel-grid-cell-mobile-last\" ><div id=\"panel-345-7-0-0\" class=\"so-panel widget widget_media_image panel-first-child panel-last-child\" data-index=\"9\" ><img loading=\"lazy\" decoding=\"async\" width=\"600\" height=\"85\" src=\"https:\/\/vezelay.eu\/d\/wp-content\/uploads\/2018\/10\/grijs-600x85.jpg\" class=\"image wp-image-2274  attachment-medium size-medium\" alt=\"\" style=\"max-width: 100%; height: auto;\" srcset=\"https:\/\/vezelay.eu\/d\/wp-content\/uploads\/2018\/10\/grijs-600x85.jpg 600w, https:\/\/vezelay.eu\/d\/wp-content\/uploads\/2018\/10\/grijs-768x109.jpg 768w, https:\/\/vezelay.eu\/d\/wp-content\/uploads\/2018\/10\/grijs-700x100.jpg 700w, https:\/\/vezelay.eu\/d\/wp-content\/uploads\/2018\/10\/grijs.jpg 1188w\" sizes=\"auto, 100vw\" \/><\/div><\/div><div id=\"pgc-345-7-1\"  class=\"panel-grid-cell panel-grid-cell-empty\" ><\/div><\/div><div id=\"pg-345-8\"  class=\"panel-grid panel-no-style\" ><div id=\"pgc-345-8-0\"  class=\"panel-grid-cell panel-grid-cell-mobile-last\" ><div id=\"panel-345-8-0-0\" class=\"so-panel widget widget_media_image panel-first-child panel-last-child\" data-index=\"10\" ><img loading=\"lazy\" decoding=\"async\" width=\"600\" height=\"85\" src=\"https:\/\/vezelay.eu\/d\/wp-content\/uploads\/2018\/10\/grijs-600x85.jpg\" class=\"image wp-image-2274  attachment-medium size-medium\" alt=\"\" style=\"max-width: 100%; height: auto;\" srcset=\"https:\/\/vezelay.eu\/d\/wp-content\/uploads\/2018\/10\/grijs-600x85.jpg 600w, https:\/\/vezelay.eu\/d\/wp-content\/uploads\/2018\/10\/grijs-768x109.jpg 768w, https:\/\/vezelay.eu\/d\/wp-content\/uploads\/2018\/10\/grijs-700x100.jpg 700w, https:\/\/vezelay.eu\/d\/wp-content\/uploads\/2018\/10\/grijs.jpg 1188w\" sizes=\"auto, 100vw\" \/><\/div><\/div><div id=\"pgc-345-8-1\"  class=\"panel-grid-cell panel-grid-cell-empty\" ><\/div><\/div><div id=\"pg-345-9\"  class=\"panel-grid panel-no-style\" ><div id=\"pgc-345-9-0\"  class=\"panel-grid-cell panel-grid-cell-empty\" ><\/div><div id=\"pgc-345-9-1\"  class=\"panel-grid-cell\" ><div id=\"panel-345-9-1-0\" class=\"widget_text so-panel widget widget_custom_html panel-first-child panel-last-child\" data-index=\"11\" ><div class=\"textwidget custom-html-widget\"><!--ONESTAT SCRIPTCODE START-->\n<!--\n\/\/ Het wijzigen van deze code is niet toegestaan en zal uw account definitief blokkeren!\n\/\/ Account ID : 621289\n\/\/ Website URL: http:\/\/vezelay.eu\n\/\/ Copyright (C) 2002-2007 OneStat.com All Rights Reserved\n-->\n<div id=\"OneStatTag\"><table border='0' cellpadding='0' cellspacing='0'><tr><td align='center'>\n<script type=\"text\/javascript\">\n<!--\nfunction OneStat_Pageview()\n{\n    var d=document;\n    var sid=\"621289\";\n    var CONTENTSECTION=\"\";\n    var osp_ACTION=\"\";\n    var osp_TRANSACTION=\"\";\n    var osp_AMOUNT=\"\";\n    var osp_PRODUCTCODE=\"\";\n    var osp_PRODUCTGROUP=\"\";\n    var osp_ADCAMPAIGN=\"\";\n    var osp_CUSTOMER=\"\";\n    var osp_CUST0 = \"\";\n    var osp_CUST1 = \"\";\n    var osp_CUST2 = \"\";\n    var osp_CUST3 = \"\";\n    var osp_CUST10 = \"\";\n    var osp_CUST11 = \"\";\n    var osp_URL=d.URL;\n    var osp_Title=d.title;\n    var t=new Date();\n    var p=\"http\"+(d.URL.indexOf('https:')==0?'s':'')+\":\/\/stat.onestat.com\/stat.aspx?tagver=2&sid=\"+sid;\n    p+=\"&url=\"+escape(osp_URL);\n    p+=\"&ti=\"+escape(osp_Title);\n    p+=\"&section=\"+escape(CONTENTSECTION);\n    p+=\"&cma=\"+escape(osp_ACTION);\n    p+=\"&cmt=\"+escape(osp_TRANSACTION);\n    p+=\"&cmm=\"+escape(osp_AMOUNT);\n    p+=\"&cmp=\"+escape(osp_PRODUCTCODE);\n    p+=\"&cmg=\"+escape(osp_PRODUCTGROUP);\n    p+=\"&cmad=\"+escape(osp_ADCAMPAIGN);\n    p+=\"&cmc=\"+escape(osp_CUSTOMER);\n    p+=\"&cu0=\"+escape(osp_CUST0);\n    p+=\"&cu1=\"+escape(osp_CUST1);\n    p+=\"&cu2=\"+escape(osp_CUST2);\n    p+=\"&cu3=\"+escape(osp_CUST3);\n    p+=\"&cu10=\"+escape(osp_CUST10);\n    p+=\"&cu11=\"+escape(osp_CUST11);\n    p+=\"&rf=\"+escape(parent==self?document.referrer:top.document.referrer);\n    p+=\"&tz=\"+escape(t.getTimezoneOffset());\n    p+=\"&ch=\"+escape(t.getHours());\n    p+=\"&js=1\";\n    p+=\"&ul=\"+escape(navigator.appName==\"Netscape\"?navigator.language:navigator.userLanguage);\n    if(typeof(screen)==\"object\"){\n       p+=\"&sr=\"+screen.width+\"x\"+screen.height;p+=\"&cd=\"+screen.colorDepth;\n       p+=\"&jo=\"+(navigator.javaEnabled()?\"Yes\":\"No\");\n    }\n    d.write('<a href=\"http:\/\/www.onestat.com\/aspx\/login.aspx?sid='+sid+'\" target=_blank><img decoding=\"async\" id=\"ONESTAT_TAG\" border=\"0\" src=\"'+p+'\" alt=\"This site tracked by OneStat.com. Get your own free site tracker.\"><\/'+'a>');\n}\n\nOneStat_Pageview();\n\/\/-->\n<\/script>\n<noscript>\n<a href=\"http:\/\/www.onestat.com\"><img decoding=\"async\" border=\"0\" src=\"http:\/\/stat.onestat.com\/stat.aspx?tagver=2&amp;sid=621289&amp;js=No&amp;\" ALT=\"bezoeker tellers\"><\/a>\n<\/noscript>\n<\/td><\/tr><tr><td align='center'><div style=\"COLOR:black;display:none;FONT-FAMILY:'Verdana';\"><a href=\"http:\/\/www.onestat.com\/default-nl.aspx\" style=\"text-decoration:none;\">bezoeker tellers<\/a><br><\/div><\/td><\/tr><\/table><\/div>\n<!--ONESTAT SCRIPTCODE END--><\/div><\/div><\/div><\/div><\/div>","protected":false},"excerpt":{"rendered":"<p>Der sonnige Garten ist 16 Meter tief und f\u00fchrt zum Fluss. Man hat eine prachtvolle Aussicht auf die H\u00fcgel, W\u00e4lder und Wiesen. Gartenm\u00f6bel und Grill sind vorhanden. F\u00fcr die Mieter liegen auch zwei Kanus bereit.In der ger\u00e4umigen E\u00dfk\u00fcche kann man gut verweilen. Die K\u00fcche ist ausgestattet mit einem Geschirrsp\u00fcler, Ofen usw. Man kann hier auch &hellip; <\/p>\n<p class=\"link-more\"><a href=\"https:\/\/vezelay.eu\/d\/fischerhaus\/\" class=\"more-link\"><span class=\"screen-reader-text\">\u201eFischerhaus\u201c <\/span>weiterlesen<\/a><\/p>\n","protected":false},"author":1,"featured_media":0,"parent":0,"menu_order":0,"comment_status":"closed","ping_status":"closed","template":"","meta":{"footnotes":""},"class_list":["post-345","page","type-page","status-publish","hentry"],"_links":{"self":[{"href":"https:\/\/vezelay.eu\/d\/wp-json\/wp\/v2\/pages\/345","targetHints":{"allow":["GET"]}}],"collection":[{"href":"https:\/\/vezelay.eu\/d\/wp-json\/wp\/v2\/pages"}],"about":[{"href":"https:\/\/vezelay.eu\/d\/wp-json\/wp\/v2\/types\/page"}],"author":[{"embeddable":true,"href":"https:\/\/vezelay.eu\/d\/wp-json\/wp\/v2\/users\/1"}],"replies":[{"embeddable":true,"href":"https:\/\/vezelay.eu\/d\/wp-json\/wp\/v2\/comments?post=345"}],"version-history":[{"count":161,"href":"https:\/\/vezelay.eu\/d\/wp-json\/wp\/v2\/pages\/345\/revisions"}],"predecessor-version":[{"id":36528,"href":"https:\/\/vezelay.eu\/d\/wp-json\/wp\/v2\/pages\/345\/revisions\/36528"}],"wp:attachment":[{"href":"https:\/\/vezelay.eu\/d\/wp-json\/wp\/v2\/media?parent=345"}],"curies":[{"name":"wp","href":"https:\/\/api.w.org\/{rel}","templated":true}]}}